{"id":58,"date":"2021-03-04T13:27:01","date_gmt":"2021-03-04T12:27:01","guid":{"rendered":"https:\/\/www.prolympia.se\/jonkoping\/?page_id=58"},"modified":"2025-10-14T13:04:34","modified_gmt":"2025-10-14T11:04:34","slug":"om-skolan","status":"publish","type":"page","link":"https:\/\/www.prolympia.se\/jonkoping\/om-skolan\/","title":{"rendered":"Om skolan"},"content":{"rendered":"","protected":false},"excerpt":{"rendered":"","protected":false},"author":1,"featured_media":0,"parent":0,"menu_order":0,"comment_status":"closed","ping_status":"closed","template":"templates\/template-sub-om-skolan.php","meta":{"_acf_changed":false,"footnotes":""},"class_list":["post-58","page","type-page","status-publish","hentry"],"acf":[],"yoast_head":"<!-- This site is optimized with the Yoast SEO plugin v26.8 - https:\/\/yoast.com\/product\/yoast-seo-wordpress\/ -->\n<title>Om skolan - Prolympia - J\u00f6nk\u00f6ping<\/title>\n<meta name=\"description\" content=\"Prolympia \u00e4r landets ledande idrottsskola och v\u00e5r skola i J\u00f6nk\u00f6ping erbjuder de allra b\u00e4sta f\u00f6ruts\u00e4ttningar f\u00f6r en lyckad skolg\u00e5ng.\" \/>\n<meta name=\"robots\" content=\"index, follow, max-snippet:-1, max-image-preview:large, max-video-preview:-1\" \/>\n<link rel=\"canonical\" href=\"https:\/\/www.prolympia.se\/jonkoping\/om-skolan\/\" \/>\n<meta property=\"og:locale\" content=\"sv_SE\" \/>\n<meta property=\"og:type\" content=\"article\" \/>\n<meta property=\"og:title\" content=\"Om skolan - Prolympia - J\u00f6nk\u00f6ping\" \/>\n<meta property=\"og:description\" content=\"Prolympia \u00e4r landets ledande idrottsskola och v\u00e5r skola i J\u00f6nk\u00f6ping erbjuder de allra b\u00e4sta f\u00f6ruts\u00e4ttningar f\u00f6r en lyckad skolg\u00e5ng.\" \/>\n<meta property=\"og:url\" content=\"https:\/\/www.prolympia.se\/jonkoping\/om-skolan\/\" \/>\n<meta property=\"og:site_name\" content=\"Prolympia - J\u00f6nk\u00f6ping\" \/>\n<meta property=\"article:modified_time\" content=\"2025-10-14T11:04:34+00:00\" \/>\n<meta name=\"twitter:card\" content=\"summary_large_image\" \/>\n<script type=\"application\/ld+json\" class=\"yoast-schema-graph\">{\"@context\":\"https:\/\/schema.org\",\"@graph\":[{\"@type\":\"WebPage\",\"@id\":\"https:\/\/www.prolympia.se\/jonkoping\/om-skolan\/\",\"url\":\"https:\/\/www.prolympia.se\/jonkoping\/om-skolan\/\",\"name\":\"Om skolan - Prolympia - J\u00f6nk\u00f6ping\",\"isPartOf\":{\"@id\":\"https:\/\/www.prolympia.se\/jonkoping\/#website\"},\"datePublished\":\"2021-03-04T12:27:01+00:00\",\"dateModified\":\"2025-10-14T11:04:34+00:00\",\"description\":\"Prolympia \u00e4r landets ledande idrottsskola och v\u00e5r skola i J\u00f6nk\u00f6ping erbjuder de allra b\u00e4sta f\u00f6ruts\u00e4ttningar f\u00f6r en lyckad skolg\u00e5ng.\",\"breadcrumb\":{\"@id\":\"https:\/\/www.prolympia.se\/jonkoping\/om-skolan\/#breadcrumb\"},\"inLanguage\":\"sv-SE\",\"potentialAction\":[{\"@type\":\"ReadAction\",\"target\":[\"https:\/\/www.prolympia.se\/jonkoping\/om-skolan\/\"]}]},{\"@type\":\"BreadcrumbList\",\"@id\":\"https:\/\/www.prolympia.se\/jonkoping\/om-skolan\/#breadcrumb\",\"itemListElement\":[{\"@type\":\"ListItem\",\"position\":1,\"name\":\"Hem\",\"item\":\"https:\/\/www.prolympia.se\/jonkoping\/\"},{\"@type\":\"ListItem\",\"position\":2,\"name\":\"Om skolan\"}]},{\"@type\":\"WebSite\",\"@id\":\"https:\/\/www.prolympia.se\/jonkoping\/#website\",\"url\":\"https:\/\/www.prolympia.se\/jonkoping\/\",\"name\":\"Prolympia - J\u00f6nk\u00f6ping\",\"description\":\"Sveriges ledande idrottsskola\",\"publisher\":{\"@id\":\"https:\/\/www.prolympia.se\/jonkoping\/#organization\"},\"potentialAction\":[{\"@type\":\"SearchAction\",\"target\":{\"@type\":\"EntryPoint\",\"urlTemplate\":\"https:\/\/www.prolympia.se\/jonkoping\/?s={search_term_string}\"},\"query-input\":{\"@type\":\"PropertyValueSpecification\",\"valueRequired\":true,\"valueName\":\"search_term_string\"}}],\"inLanguage\":\"sv-SE\"},{\"@type\":\"Organization\",\"@id\":\"https:\/\/www.prolympia.se\/jonkoping\/#organization\",\"name\":\"Prolympia\",\"url\":\"https:\/\/www.prolympia.se\/jonkoping\/\",\"logo\":{\"@type\":\"ImageObject\",\"inLanguage\":\"sv-SE\",\"@id\":\"https:\/\/www.prolympia.se\/jonkoping\/#\/schema\/logo\/image\/\",\"url\":\"https:\/\/www.prolympia.se\/jonkoping\/wp-content\/uploads\/sites\/2\/2021\/04\/icon-prolympia.png\",\"contentUrl\":\"https:\/\/www.prolympia.se\/jonkoping\/wp-content\/uploads\/sites\/2\/2021\/04\/icon-prolympia.png\",\"width\":512,\"height\":512,\"caption\":\"Prolympia\"},\"image\":{\"@id\":\"https:\/\/www.prolympia.se\/jonkoping\/#\/schema\/logo\/image\/\"}}]}<\/script>\n<!-- \/ Yoast SEO plugin. -->","yoast_head_json":{"title":"Om skolan - Prolympia - J\u00f6nk\u00f6ping","description":"Prolympia \u00e4r landets ledande idrottsskola och v\u00e5r skola i J\u00f6nk\u00f6ping erbjuder de allra b\u00e4sta f\u00f6ruts\u00e4ttningar f\u00f6r en lyckad skolg\u00e5ng.","robots":{"index":"index","follow":"follow","max-snippet":"max-snippet:-1","max-image-preview":"max-image-preview:large","max-video-preview":"max-video-preview:-1"},"canonical":"https:\/\/www.prolympia.se\/jonkoping\/om-skolan\/","og_locale":"sv_SE","og_type":"article","og_title":"Om skolan - Prolympia - J\u00f6nk\u00f6ping","og_description":"Prolympia \u00e4r landets ledande idrottsskola och v\u00e5r skola i J\u00f6nk\u00f6ping erbjuder de allra b\u00e4sta f\u00f6ruts\u00e4ttningar f\u00f6r en lyckad skolg\u00e5ng.","og_url":"https:\/\/www.prolympia.se\/jonkoping\/om-skolan\/","og_site_name":"Prolympia - J\u00f6nk\u00f6ping","article_modified_time":"2025-10-14T11:04:34+00:00","twitter_card":"summary_large_image","schema":{"@context":"https:\/\/schema.org","@graph":[{"@type":"WebPage","@id":"https:\/\/www.prolympia.se\/jonkoping\/om-skolan\/","url":"https:\/\/www.prolympia.se\/jonkoping\/om-skolan\/","name":"Om skolan - Prolympia - J\u00f6nk\u00f6ping","isPartOf":{"@id":"https:\/\/www.prolympia.se\/jonkoping\/#website"},"datePublished":"2021-03-04T12:27:01+00:00","dateModified":"2025-10-14T11:04:34+00:00","description":"Prolympia \u00e4r landets ledande idrottsskola och v\u00e5r skola i J\u00f6nk\u00f6ping erbjuder de allra b\u00e4sta f\u00f6ruts\u00e4ttningar f\u00f6r en lyckad skolg\u00e5ng.","breadcrumb":{"@id":"https:\/\/www.prolympia.se\/jonkoping\/om-skolan\/#breadcrumb"},"inLanguage":"sv-SE","potentialAction":[{"@type":"ReadAction","target":["https:\/\/www.prolympia.se\/jonkoping\/om-skolan\/"]}]},{"@type":"BreadcrumbList","@id":"https:\/\/www.prolympia.se\/jonkoping\/om-skolan\/#breadcrumb","itemListElement":[{"@type":"ListItem","position":1,"name":"Hem","item":"https:\/\/www.prolympia.se\/jonkoping\/"},{"@type":"ListItem","position":2,"name":"Om skolan"}]},{"@type":"WebSite","@id":"https:\/\/www.prolympia.se\/jonkoping\/#website","url":"https:\/\/www.prolympia.se\/jonkoping\/","name":"Prolympia - J\u00f6nk\u00f6ping","description":"Sveriges ledande idrottsskola","publisher":{"@id":"https:\/\/www.prolympia.se\/jonkoping\/#organization"},"potentialAction":[{"@type":"SearchAction","target":{"@type":"EntryPoint","urlTemplate":"https:\/\/www.prolympia.se\/jonkoping\/?s={search_term_string}"},"query-input":{"@type":"PropertyValueSpecification","valueRequired":true,"valueName":"search_term_string"}}],"inLanguage":"sv-SE"},{"@type":"Organization","@id":"https:\/\/www.prolympia.se\/jonkoping\/#organization","name":"Prolympia","url":"https:\/\/www.prolympia.se\/jonkoping\/","logo":{"@type":"ImageObject","inLanguage":"sv-SE","@id":"https:\/\/www.prolympia.se\/jonkoping\/#\/schema\/logo\/image\/","url":"https:\/\/www.prolympia.se\/jonkoping\/wp-content\/uploads\/sites\/2\/2021\/04\/icon-prolympia.png","contentUrl":"https:\/\/www.prolympia.se\/jonkoping\/wp-content\/uploads\/sites\/2\/2021\/04\/icon-prolympia.png","width":512,"height":512,"caption":"Prolympia"},"image":{"@id":"https:\/\/www.prolympia.se\/jonkoping\/#\/schema\/logo\/image\/"}}]}},"_links":{"self":[{"href":"https:\/\/www.prolympia.se\/jonkoping\/wp-json\/wp\/v2\/pages\/58","targetHints":{"allow":["GET"]}}],"collection":[{"href":"https:\/\/www.prolympia.se\/jonkoping\/wp-json\/wp\/v2\/pages"}],"about":[{"href":"https:\/\/www.prolympia.se\/jonkoping\/wp-json\/wp\/v2\/types\/page"}],"author":[{"embeddable":true,"href":"https:\/\/www.prolympia.se\/jonkoping\/wp-json\/wp\/v2\/users\/1"}],"replies":[{"embeddable":true,"href":"https:\/\/www.prolympia.se\/jonkoping\/wp-json\/wp\/v2\/comments?post=58"}],"version-history":[{"count":121,"href":"https:\/\/www.prolympia.se\/jonkoping\/wp-json\/wp\/v2\/pages\/58\/revisions"}],"predecessor-version":[{"id":18590,"href":"https:\/\/www.prolympia.se\/jonkoping\/wp-json\/wp\/v2\/pages\/58\/revisions\/18590"}],"wp:attachment":[{"href":"https:\/\/www.prolympia.se\/jonkoping\/wp-json\/wp\/v2\/media?parent=58"}],"curies":[{"name":"wp","href":"https:\/\/api.w.org\/{rel}","templated":true}]}}